hat is the value of -1 - (-2 - -1) - 2 - 1?
-3
-6 + 12 + -4 - (1 - -1)
0
What is the value of (-8 - 7 - -41) + -15?
11
What is the value of 3 + -5 + 0 + -2?
-4
-30 + 32 + (-2 - (0 + 0))
0
-7 - 0 - (6 + -8)
-5
What is the value of -19 + 18 + (2 - 0) + -7?
-6
What is -7 + 5 + 0 + 7?
5
What is (29 - 16) + (1 - 15)?
-1
Evaluate -4 + (0 - 2 - (1 - 5)).
-2
What is 1 + -11 + (0 - (-3 - 4))?
-3
Calculate -1 - (-1 + (2 - 4)).
2
What is -8 + 8 + 1 + -6?
-5
-10 + 4 - (3 - 5)
-4
What is -11 + 3 + 8 + 1?
1
1 + 0 - (-4 - (-13 - -6))
-2
What is the value of (1 + 3 - 3) + 1?
2
What is the value of 0 + (1 - (-17 - -10))?
8
(6 - -3 - -1) + -5
5
Evaluate (-2 - (2 - -4)) + 13.
5
What is (2 - -4) + (2 - 10)?
-2
Calculate 7 - 2 - 4 - 4 - -1.
-2
-3 + (0 - -4 - -4)
5
-7 + (-1 - -4 - -1 - 2)
-5
What is the value of 1 + 1 + 1 + (2 - 2)?
3
What is the value of -2 + -3 - (0 - 4)?
-1
Evaluate -3 + 5 + (5 - 6).
1
(3 - 0) + (-17 - -6)
-8
9 + 1 + 8 + -12
6
6 + -1 + (0 - 1) - 10
-6
-7 + (-17 - -32) + (0 - 11)
-3
What is -4 + (-2 - -1) + -19 + 21?
-3
Evaluate (-2 - (-1 - (0 - 4))) + 0.
-5
Calculate -1 + 9 + -1 - (1 + 3).
3
Evaluate (-5 - 0) + 1 + -3 + 3.
-4
What is the value of 4 - (1 + (2 - -1))?
0
0 + (0 + -7 + 10 - 7)
-4
(2 + -10 - (-6 - -9)) + 7
-4
What is the value of -5 - (-23 + (0 - -12))?
6
-13 - 1 - (3 + -14 + 5)
-8
What is (13 - 8) + (1 - 7)?
-1
Evaluate -3 + (-6 + 2 - (5 - 12)).
0
Evaluate (67 - 65) + (2 - 10).
-6
What is -2 + 3 + -5 - (0 - -1)?
-5
Calculate 1 - (-4 - (1 + 0 + -2)).
4
-2 + (-3 - (-8 - -6))
-3
-9 + 4 - (-6 + -5)
6
Evaluate -19 + 18 + -1 + 6.
4
What is -2 - (1 + 2 - 5) - -1?
1
5 + (0 - 3) - (-17 - -16)
3
Evaluate -5 - (2 + (-4 - 3)).
0
What is (6 - 4) + -2 - 0?
0
What is the value of 0 - 3 - ((0 - -3) + -3)?
-3
Calculate -3 - ((-1 - (-3 + 1)) + 1).
-5
Evaluate 2 - ((-5 - -7) + -6).
6
-10 - -1 - (184 - 192)
-1
What is the value of 0 + (-9 + 2 - (18 + -17))?
-8
What is 1 + -11 + 8 - (-4 - 1)?
3
(-7 - 2) + (4 + 0 - 2)
-7
What is -30 + 44 - (-1 + 8)?
7
What is 11 + (3 - (1 + 7 - 1))?
7
Evaluate -3 - -6 - (2 + 5 + -2).
-2
7 - (0 - (-3 - -6))
10
Calculate -4 + 14 + -7 + 1.
4
Evaluate -2 - -2 - (-7 + (4 - -3)).
0
Calculate (0 - 7 - (-3 - 3)) + 2.
1
Calculate (1 - 2 - 2) + -2.
-5
What is the value of -1 + 0 + (6 - 3)?
2
What is the value of (17 - 17) + -8 + 4?
-4
What is -2 - ((4 - 7) + 4 + -4)?
1
-9 + (7 + -13 - -8)
-7
Calculate -5 + 9 + 3 - 1.
6
(-5 - (-4 - -2)) + 3
0
What is the value of 0 + -2 - (-7 - -12 - 3)?
-4
Calculate (12 + -1 - 4) + 0 + -2.
5
What is the value of (1 - 1) + (-1 - (5 - 3))?
-3
Calculate (5 - 0) + 26 + -26 - -4.
9
Evaluate -1 + (-3 - 2 - -1) - -1.
-4
0 - -2 - ((0 - 1) + 3)
0
What is the value of 1 - (7 - (-1 + 8))?
1
Evaluate -1 - (2 + -4 + -4) - 0.
5
Evaluate 1 - (3 + 0 - -1).
-3
What is 5 + -8 + (-2 - -2 - -5)?
2
Evaluate 2 + -6 + (-8 - -16) + 1.
5
Calculate 5 - (-4 - -16) - -8.
1
Calculate 34 - 50 - (-9 - 0).
-7
Evaluate (-6 - 0) + 5 + 0.
-1
Evaluate 5 + 1 + (5 - 10) - -1.
2
Evaluate 1 + -1 + 3 + -6.
-3
What is the value of (1 - 3) + -2 - 1?
-5
What is 17 + (-18 - (6 + -11 + -4))?
8
Calculate -4 + 7 - (7 - 0).
-4
What is -5 - (0 + 1) - (105 - 107)?
-4
What is 3 + -7 + -1 + 5 + -1?
-1
-1 + 2 + 1 + (1 - 3)
0
9 + -19 + 1 + 5
-4
-6 + 1 - (4 - 8 - 3)
2
Calculate -2 - (-3 - (-5 - 1)).
-5
What is (-3 - -8) + (6 - 6)?
5
Calculate 5 - (68 + -72 + (6 - -1)).
2
Calculate 2 + -15 - (11 - 20).
-4
What is the value of 9 + -2 - (20 + -9)?
-4
-3 + (4 + 1 - (-2 + -1))
5
Calculate -16 + 15 + 8 + 1 + -1.
7
Calculate -21 + 17 + 4 + 3.
3
What is -7 - (5 + -9) - (3 + 0)?
-6
What is 3 - (-10 - -9 - 2)?
6
What is the value of 8 + -5 - (3 - -1 - 2)?
1
What is 2 + -1 + 0 - (220 - 223)?
4
What is the value of (-9 - -11) + (0 + -1 - 2)?
-1
(0 - -3) + 2 + -2
3
Calculate (8 - 6) + -4 - (-5 + -2).
5
What is the value of 0 + (-5 - (0 + 2))?
-7
What is the value of 16 + -17 + (3 - -2) - 1?
3
Calculate 12 + (-5 - -5) + -5.
7
What is -5 - ((-5 - -3) + -1)?
-2
Calculate 1 + 4 + -6 - 0 - -3.
2
Evaluate 1 + 3 + (3 - 6).
1
What is (0 - -2) + 19 + -25?
-4
What is the value of 3 - (5 + -3 + -2)?
3
Calculate -9 - (-2 + -14 - -7).
0
Calculate 3 - (3 + (5 - 5)) - -2.
2
0 + (-3 - -5) + -3
-1
What is the value of 6 - 8 - (-1 - (1 - 0))?
0
What is the value of 2 + 10 + -10 + (-1 - 1)?
0
What is 1 - (1 + 9 - 8)?
-1
10 + (7 - 7) + (-6 - -2)
6
What is the value of 4 + -7 + 9 + -7?
-1
Evaluate (26 + -11 - 13) + -11.
-9
What is (-17 - -23) + (2 - 1)?
7
-12 + 1 - (-16 - -5)
0
What is the value of 2 - 2 - (5 - 12 - -12)?
-5
What is the value of (-4 - -6) + 7 - 7 - -3?
5
What is -3 - (0 - (5 - (4 + -2)))?
0
Calculate -8 - -4 - (-6 + 2).
0
5 + (-6 - (-5 + 1))
3
Calculate -4 - (8 - (8 - -1)).
-3
-7 - (-4 + (3 - 4)) - 1
-3
Evaluate 0 - (3 - -4) - -1.
-6
13 + 11 + -23 - 1
0
Evaluate 0 - -11 - (28 + -25) - 3.
5
0 - (-3 + 5 + (-1 - -4))
-5
Evaluate -8 + (1 - (3 - 4)) - -3.
-3
What is -1 - (3 + (-8 - -7))?
-3
What is the value of 4 - (-1 - -5) - (2 + -4)?
2
7 + (-3 - (0 - -5))
-1
What is the value of -4 + (8 + 3 - (-3 + 4))?
6
What is the value of -1 - (6 - (7 - -7) - -7)?
0
What is the value of 20 + 2 + -19 + 0 + -5?
-2
Calculate -6 + 6 - (2 - 8).
6
Evaluate (0 - 3) + (-6 - -12).
3
What is the value of 5 - (8 + -6 - -5)?
-2
Calculate 1 + 4 + 1 + -6 - -2.
2
What is (-17 - -2) + 25 + -17?
-7
What is -6 + 1 - (3 + -13)?
5
-1 + (2 - 0) + -1 + 4
4
What is -6 + (11 - 12) + 7?
0
What is the value of (4 - (0 + 0 - -5)) + -2?
-3
What is the value of 2 - (0 + (-1 - 1))?
4
Evaluate 79 + -66 - (2 - -2).
9
Calculate -4 + (0 - -9) - (-1 - -1).
5
Calculate (0 - 0) + -19 + 14 - -6.
1
Calculate (5 - 3) + -5 + 8 + 1.
6
What is the value of 0 + -4 + 1 + 3 + -2?
-2
-7 - -12 - (-6 - -20)
-9
Evaluate (0 - 6) + (14 - 6).
2
4 + -3 - 0 - (-4 + 2)
3
What is the value of 0 - 9 - (-8 - -4) - -10?
5
5 + 8 + -6 + (-6 - -6)
7
Calculate 0 + 0 + -2 - 0.
-2
What is -2 + -1 - (-54 - -47)?
4
Calculate -7 - (-19 + (11 - 5) - -7).
-1
What is (-1 - 1) + 4 + -7?
-5
0 - 1 - (6 + -8)
1
What is the value of 8 + -7 + (-5 - -2)?
-2
What is the value of (44 - 44) + (5 - 1) + -6?
-2
Calculate -11 + (5 - 0 - -2).
-4
What is the value of 2 + (0 + (-1 - 2) - -2)?
1
7 + 0 - (-5 + -6 + 11)
7
What is the value of 1 + (-1 - -2) + -4 + -3?
-5
What is the value of -4 - (-9 - (-9 - -5))?
1
What is (-8 - -2) + 1 - 0?
-5
What is -3 - -3 - (0 + 5 - 1)?
-4
What is the value of (3 - 3 - -11) + 1 + -6?
6
Calculate -1 + ((-2 - 3) + 2 - -6).
2
Calculate -4 - ((0 - -2) + -4).
-2
Calculate -6 - (4 + 3 + -9).
-4
Evaluate -4 - ((-3 - 3 - -1) + -1).
2
What is the value of -1 + 11 + (2 - 3) + -4?
5
-1 - (-2 + 1 + 10 + -11)
1
Calculate 8 + -1 - (0 - -17 - 3).
-7
Calculate -3 - -11 - (5 + 8).
-5
Calculate 1 + 3 + 2 + (-1 - 1).
4
-4 + (-1 + -2 - (-5 + -1))
-1
Evaluate 7 + 0 + 3 + -2 - 8.
0
What is -7 + (7 - 7 - (0 + -5))?
-2
What is the value of 3 - -1 - 2 - 0?
2
Evaluate -10 + 13 - (3 + 0).
0
Evaluate (3 - (-3 + 3)) + 0 + 2.
5
1 - ((7 - 4) + -2 + 4)
-4
-2 - (2 + 4 + -9)
1
Evaluate 5 + (0 - (3 + 5 + -3)).
0
What is 1 + 7 + 11 + (-4 - 12)?
3
What is 0 - (20 + -24 - (-3 - 0))?
1
0 + -3 - ((1 - -5) + -7)
-2
What is 1 + (7 - 0) - (13 - 9)?
4
What is -4 - ((1 - 2) + (3 - 7))?
1
Evaluate (-2 - 1 - -10) + 63 + -77.
-7
Calculate 4 + 0 + -8 - -3 - -1.
0
-6 + 1 + 10 + -9
-4
What is 4 + (4 - -6) - (3 + 1)?
10
Evaluate (33 - 28) + 0 + 0 + -2.
3
Evaluate -5 + (0 - -10) - 3.
2
What is the value of 9 + -6 + -3 + -2?
-2
What is the value of -4 + 2 + -3 + 6?
1
Calculate (1 - 7) + -11 + 16.
-1
Evaluate (-1 - 2) + (1 + 6 - 2).
2
What is the value of (-4 - -7) + 2 + -4?
1
What is -5 + (4 + -5 - -2) - -3?
-1
What is 11 - (9 + (10 - 8))?
0
Evaluate 2 + -7 + -3 + -2 + 9.
-1
What is the value of -4 + -4 + 9 - (-6 + 3)?
4
1 - (9 + -3 + (-1 - 3))
-1
-1 + (6 + -7 - (-1 - 0))
-1
Calculate -6 + -7 + 9 - (-1 - 5).
2
Calculate -3 + -3 + -6 - (-2 - 4).
-6
Calculate -1 + 4 - (-6 - 3 - -7).
5
Evaluate 8 - 2 - ((3 - 0) + 0).
3
Evaluate (5 - 0) + 10 + -9.
6
(-3 + -2 + 1 - -6) + -1
1
What is the value of -7 + -1 - (94 - 99)?
-3
What is (1 - -3) + (-6 - -7)?
5
What is 6 - 11 - ((4 - 2) + -12)?
5
(-13 - -6) + (0 - -11)
4
10 + -17 - (0 - 0) - -4
-3
Evaluate 2 - 1 - (0 + 1).
0
Calculate -6 + -11 + 18 + 6 + 1.
8
Evaluate 13 + (6 - 11) + -3.
5
-33 + 33 - ((-1 - -1) + -4)
4
Evaluate -100 + 113 - (5 - -